te the remainder when 366/10 - g/15 is divided by (13/5)/(4/20).
11
Let g(o) = -o + 9. Suppose -14 = 4*m - 2. Let t be (30/25)/(m/(-20)). Calculate the remainder when 3 is divided by g(t).
0
Calculate the remainder when 7 is divided by 4/3 - (-8)/12.
1
Let u = 4 - -9. Calculate the remainder when 38 is divided by u.
12
Let p = 11 - -2. Let w = p + 0. What is the remainder when 49 is divided by w?
10
Suppose v + 1 = 25. Let b = v + -18. Calculate the remainder when b is divided by 2.
0
Let n = 61 - 128. Let l = n - -110. Calculate the remainder when l is divided by 1/2*1*22.
10
Suppose 87 = 3*k + 18. Let b be 2 + 0 + -1 + 5. Suppose b*v - 2*v = 32. Calculate the remainder when k is divided by v.
7
Let o = 64 - 50. Calculate the remainder when o is divided by 5.
4
Suppose z + 3*z = 2*b + 266, 0 = -2*z - b + 139. Suppose -k + z = 3*k. Calculate the remainder when k is divided by 10.
7
Let o = 197 - 102. What is the remainder when o is divided by 24?
23
Suppose -5*h + 5 + 12 = -2*u, -4*u = -5*h + 9. What is the remainder when 18 is divided by h?
3
Let m = -5 - -33. Suppose -r - 11 + m = 0. Suppose 27 = 3*p + 3*c, 17 - 62 = -5*p + 4*c. What is the remainder when r is divided by p?
8
Calculate the remainder when 7 is divided by 88/48 - (-2)/12.
1
Suppose 4*n = -1 + 17. Let l(u) = -u - 6. Let k be l(-6). Suppose -4*b + 2*h + 16 = k, b - 5*h = -0*b + 22. What is the remainder when n is divided by b?
0
Let q = 53 - -38. Suppose 2*u + r - 50 = 6*r, -5*u + 4*r = -q. Calculate the remainder when u is divided by 8.
7
Let y(r) = 7*r + 4. Let z be y(-7). Suppose -4 + 12 = h + 3*k, h - 2*k = 23. Calculate the remainder when (-1385)/z - 2/(-9) is divided by h.
14
Suppose 5*p - g - 190 = 0, 161 = 4*p - 2*g + 3*g. Let r = 60 - p. Calculate the remainder when r is divided by 8.
5
Let v = 31 - 12. Suppose -2*s + 219 = s. What is the remainder when s is divided by v?
16
Let n = 7 - 4. Suppose -n*v + 5 + 1 = 0. Suppose -5*o + 3*r - 2*r = -22, -9 = -3*o + v*r. Calculate the remainder when 9 is divided by o.
4
Suppose -77*f + 75*f = -78. What is the remainder when f is divided by 7?
4
Let n(y) = -y**3 + y**2 - 1. Let q be n(2). Let d(a) = -a + 4. What is the remainder when (19 + 6/(-3))*1 is divided by d(q)?
8
Let n be 3 + (0 - (0 + -3)). What is the remainder when -2*((-57)/n)/1 is divided by 11?
8
Let v(y) = 2 - 4 + y + 3*y. Calculate the remainder when v(5) is divided by 5.
3
What is the remainder when 8 is divided by ((-7)/21)/(1/(-6))?
0
Let x = -6 - -9. Suppose -g + 12 = 5*q, -4*g + 2*q + 26 = -0*q. What is the remainder when g is divided by x?
1
Let a = -5 + 9. Suppose q = a + 51. What is the remainder when q is divided by 19?
17
Calculate the remainder when 26 is divided by (-6)/(-2*(-4)/(-12)).
8
Suppose 0 = 5*d + 2*k + 47 - 427, 380 = 5*d - 2*k. Suppose -24 - d = -5*g. Calculate the remainder when 23 is divided by (-62)/(-5) + (-8)/g.
11
Suppose 0 = -0*w - w + 13. Calculate the remainder when 37 is divided by w.
11
Let s = 14 - 8. What is the remainder when 22 is divided by s?
4
Let r be (-3)/(-1) + -4 + 6. Let a = r - 9. Calculate the remainder when (-2)/a + 102/4 is divided by 9.
8
Let r(n) = n + 15. Let f be r(-10). Suppose -3*s - 28 = -f*w + 3*w, 2*w - 24 = s. Let k = 45 - 14. What is the remainder when k is divided by w?
9
Let r = 11 - 5. What is the remainder when (-41)/(-2) + (-30)/(-20) is divided by r?
4
Let b(w) = w**2 - w + 8. Calculate the remainder when b(8) is divided by 13.
12
Suppose 3*m + 17 + 4 = 0. Let z = 9 + m. Suppose 30 = 3*p + h, -z*p = p - 4*h - 15. Calculate the remainder when 17 is divided by p.
8
Suppose 2*y - 3*y + 1 = 0, -5*a + 146 = y. Let h = 13 - 8. Suppose o = -l + 10, 5*o = 3*l - 9 - h. Calculate the remainder when a is divided by l.
5
Let d(g) = g + 3. Let s = 11 + 9. What is the remainder when s is divided by d(4)?
6
Let z(t) = 2*t**2 - 12*t - 1. What is the remainder when z(9) is divided by 11?
9
Let a be 0/(-1) + (-1 - -7). Suppose -3*y = -a*y + 15. What is the remainder when 69/5 - (-3 - (-28)/10) is divided by y?
4
Suppose 2*x = -3*l + 28 + 32, -2*l - 3*x = -35. What is the remainder when 87 is divided by l?
21
Let x = 37 + -19. Suppose -2*s = -o - 101, -5*s + 136 = 5*o - 154. Calculate the remainder when s is divided by x.
17
Let c(k) be the third derivative of -k**4/24 + k**3/6 - k**2. Let z be c(2). Calculate the remainder when 21 is divided by (z*1)/((-4)/44).
10
Let x = 8 + -6. Suppose 5*q - x*q = 120. Calculate the remainder when q is divided by 14.
12
Let q be (-1 + (-18)/(-14))*7. Suppose -165 = -2*o + q*s - 53, 0 = -2*s. What is the remainder when o is divided by 18/(-126) + (-134)/(-7)?
18
Let x(y) = y + y**2 + 425 - y - 423. Suppose 0 = 2*i - 5*o - 2, 6 + 0 = -i - o. What is the remainder when x(i) is divided by 10?
8
Let i = 175 + -125. Let w = i - 19. Calculate the remainder when w is divided by 11.
9
Suppose 0 = 6*s - 4*s - 6. What is the remainder when (s*-5)/(6/(-8)) is divided by (-1512)/(-135) + (-2)/10?
9
Let n = -7 + 9. Let m(i) = -i - 2. Let l be (-44)/10 - 2/(-5). What is the remainder when m(l) is divided by n?
0
Let k = 109 - 69. What is the remainder when k is divided by 15?
10
What is the remainder when 2 + 45 + 1 - -2 is divided by (-990)/(-75) - ((-12)/(-10) - 1)?
11
Let n(s) = -20*s**2 + s. Let d be n(1). Let z = 32 + d. Let f(h) = 2*h**2 - 10*h + 9. What is the remainder when f(7) is divided by z?
11
Let o(n) = 7*n + 2. Calculate the remainder when o(3) is divided by 6.
5
Suppose -u + 39 = -2*b, -b + 159 = 5*u - 2*b. Calculate the remainder when u is divided by (-6)/(-9)*99/6.
9
Let h(n) = 2*n**2 - 27*n - 6. Calculate the remainder when 22 is divided by h(14).
6
Suppose 4*k - 293 = 15. Calculate the remainder when k is divided by 16.
13
Let l be 4/(-8) - (-45)/2. What is the remainder when 19 is divided by (l/(-6))/((-1)/3)?
8
Suppose -2*o = -5*l - o, -5*l = 2*o. Suppose l = -m - 2*k + 30, 0*k + k - 106 = -4*m. Calculate the remainder when m is divided by 7.
5
Let i be (-82)/(-8)*(-12)/3. Let d = -22 - i. Suppose -x + 8 = -3. Calculate the remainder when d is divided by x.
8
Suppose 0 = 5*l - 5*m + 15, 0*l - 2*m - 9 = 3*l. Let x be 37/l + (-8)/12. Let k = x + 26. Calculate the remainder when 25 is divided by k.
12
What is the remainder when 2/7 + (-257)/(-7)*1 is divided by 7?
2
Suppose -3*m + 3 = -2*q, -2*q - m + 3 - 2 = 0. Suppose -136 = -q*i - 4*i. Let o = i + -19. What is the remainder when o is divided by 8?
7
Let l = 13 + -10. Suppose 0 = -o + 2*w - l*w + 19, 3*w = 6. Calculate the remainder when 31 is divided by o.
14
Suppose -5*w + 500 = -2*h + 140, w - 75 = h. What is the remainder when 348 is divided by w?
68
Let w = 1 - -2. Suppose 3*i - 11 = q, w - 13 = q - 2*i. Calculate the remainder when 10 is divided by 3/9 + q/(-3).
1
Let h = -6 - 0. Let n be (-381)/2*8/h. Suppose -6 - n = -5*k. Calculate the remainder when k is divided by 18.
16
Let d = -18 - -21. Suppose -5*h + 37 = 2*v, 0*h + d*h = -3*v + 24. What is the remainder when h is divided by 5?
2
What is the remainder when 35 is divided by 25 - 4 - -2*3/(-6)?
15
Let b = -2 - -10. What is the remainder when 13 is divided by b?
5
Let o be 3/(-6)*-8 + 0. Suppose -w + 0*w = -4*l - 36, -o*l = w + 4. What is the remainder when w is divided by 6?
4
Let p(o) = o + 54. Let g be p(0). Calculate the remainder when 56 is divided by 12/g + 338/18.
18
Suppose 44 = 2*k - 0*k. Suppose -40 - 11 = -4*h - 3*a, a + 11 = h. Calculate the remainder when k is divided by h.
10
Let a(z) = -3*z**2 - 38*z - 1. What is the remainder when 45 is divided by a(-12)?
22
Let g(z) = z**3 - z**2 - 3*z + 4. Let y(n) = n**3 + 2*n**2 - 2*n - 1. Let m be y(-2). What is the remainder when 49*(m/(-3) + 2) is divided by g(3)?
10
Suppose 0 = -5*o + 3*o + 8. Let n be -2 + 3 + (1 - 2). Suppose n = -2*w - 3*w + 30. Calculate the remainder when w is divided by o.
2
Suppose -8 = -i + 49. What is the remainder when i is divided by 12?
9
Let g(v) = -v**2 + 7*v + 1. Suppose 0*a = 2*r + 2*a - 84, r - 40 = a. Calculate the remainder when r is divided by g(5).
8
Suppose -5*r - 13 = -73. Suppose r = 2*j + 2*j. Suppose -4*w + 115 = -j*o, 4*o - 6 = 2*o. Calculate the remainder when w is divided by 16.
15
Suppose 2*t - 94 = -s - t, 3*t + 9 = 0. Calculate the remainder when s is 